be s/(-5)*15/w. What is the greatest common divisor of i and 48?
6
Let p be (0 + -2)*10/20 - -219. Calculate the greatest common factor of p and 2.
2
Let m(d) = 53*d**2 - d + 1. Let i be m(-5). Let q be (-12)/9 + i/33. What is the highest common divisor of q and 13?
13
Suppose -2*f - 8 + 70 = 0. Suppose -q + f = 3*a, 0 = 3*a + a - 2*q - 58. Suppose -v + 2*v = 36. Calculate the greatest common factor of a and v.
12
Let y = 285 + -87. Suppose 3*l - 30 - y = 0. Suppose 3*s - 3*z = -0*s + 48, 0 = 3*s - 2*z - 51. Calculate the highest common divisor of s and l.
19
Let f = -22 - -6. Let m = f + 33. Let t(j) = j**2 + 11*j + 5. Let h be t(5). What is the highest common divisor of h and m?
17
Suppose -7*v - 32 = -1166. Suppose 4*f + 2*d - 78 = 0, 5*f = -0*f + 2*d + 84. What is the highest common factor of v and f?
18
Suppose -76 - 4 = -4*y. Let r(l) = 3*l - 7. Let s be r(3). Suppose -110 = -2*q - s*x, 5*q = 4*q + 4*x + 30. Calculate the greatest common factor of y and q.
10
Let f = 676 + -628. What is the greatest common divisor of f and 1296?
48
Let f(v) = -73*v - 1. Let r be f(-1). Suppose 3*k + 5*g - 195 = 104, 3*k - 304 = -4*g. What is the greatest common factor of k and r?
36
Let s be 351/26*-4*1/(-3). What is the highest common divisor of s and 387?
9
Let t = -46 + 50. Suppose 7*o - 187 = -t*o. What is the highest common factor of o and 153?
17
Suppose -2*u = -4*x - 24, 3*x - x = 2*u - 32. Calculate the highest common divisor of 220 and u.
20
Let d be 0 - 0 - (-2 + -2). Suppose -2*i = v - 22, 4*v - 8*v + 97 = 5*i. What is the highest common factor of v and d?
4
Suppose 2*v = -2*n + 282, -3*v - 2*n + 25 = -395. Let b(t) = -8*t + 6. Let k be b(-5). Calculate the highest common factor of k and v.
46
Suppose -4*j - 632 = -4*m, 35*m - 39*m + 3*j = -630. Calculate the highest common divisor of m and 546.
78
Let u be ((-7)/70*-5)/(2/48). What is the greatest common factor of 6 and u?
6
Suppose -1 = 3*x + 2*f + 12, 14 = -2*x - 4*f. Let l be 1/(4/(-36))*x. Suppose 54 = -d + 5*z + 307, 3*z + 6 = 0. Calculate the highest common divisor of d and l.
27
Suppose -4*t - 3*z + 435 = -0*z, -5*z = 5*t - 545. Suppose 0 = 11*m - 297 - 11. Suppose m = -2*b + t. Calculate the greatest common divisor of b and 10.
10
Let f be (-14)/(-5)*(-10)/(-2). Let n = -2240 - -2296. What is the greatest common factor of n and f?
14
Let x(r) = r**3 + 2*r**2 - 5*r - 4. Let h be -2*((-35)/(-10) + -2). Let w be x(h). Calculate the highest common divisor of 18 and w.
2
Let h(l) = -l**3 + l**2 + 16*l - 10. Let s be h(4). Suppose -3*t + t = 0. Suppose t = -2*r - 3*r + 75. Calculate the greatest common factor of r and s.
3
Let o(f) = -18*f - 167. Let n be o(-13). What is the greatest common factor of n and 2881?
67
Let w = 10 - 8. Let h = w - -3. Suppose 20 = z - 0*u + u, -25 = -2*z - h*u. What is the greatest common divisor of 5 and z?
5
Suppose 4*m + 40 = 14*m. Suppose 381 + 147 = m*u - 2*v, 4*u - 536 = 4*v. Calculate the highest common divisor of 10 and u.
10
Let x = -1 + 0. Let j be (15/(-2))/(x/2). Suppose 0*y = -2*y + 4*p + 34, -4*y + 4*p + 64 = 0. Calculate the highest common divisor of j and y.
15
Let l be (-12)/10 + 3652/110. What is the greatest common divisor of l and 1360?
16
Let k(m) = m**2 + 1. Let s(j) = j**3 - 9*j**2 - 8*j + 17. Let u(c) = -k(c) + s(c). Let g be u(11). Calculate the greatest common factor of 7 and g.
7
Suppose 0 = 293*y - 273*y - 18400. Calculate the highest common factor of y and 120.
40
Suppose -4*m + 64 = -4*r - 28, 5*m + 2*r - 94 = 0. Let f be 4 - m/(-8)*4. What is the greatest common factor of 21 and f?
7
Suppose 0 = c - 13 - 20. Suppose 0 = -5*n + c + 52. Let v = n - 3. Calculate the highest common factor of v and 7.
7
Let b = 6 - 1. Suppose -3*w = -b*c + 117, 0 = -4*c - w - 0*w + 97. Let h = 91 - 88. Calculate the highest common divisor of h and c.
3
Let q = -699 + 1274. What is the highest common factor of q and 25?
25
Let k(f) = 2*f**3 + 33*f**2 - 25*f + 32. Let c be k(-17). Calculate the highest common factor of 48 and c.
24
Let w = -3 + 2. Let s be (3/(-2))/(w/(-4)). Let y be (39 + 1)*s/(-5). What is the highest common divisor of y and 120?
24
Let m = 46 - 37. Let l be 7/(-7) - (-82 + 0). What is the highest common divisor of l and m?
9
Suppose 3*q = t - 33, -t + 4*q = -4*t + 125. Calculate the highest common factor of t and 6.
3
Let v = 125 + -110. Let z = 209 + -66. Suppose -z - 232 = -5*c. Calculate the highest common factor of c and v.
15
Let f(w) = w**2 + 82*w + 200. Let a be f(0). Calculate the greatest common divisor of 16 and a.
8
Suppose -26 = -2*d - 7*c + c, 2*c - 18 = -3*d. What is the highest common divisor of d and 352?
4
Suppose 0 = -n - 4*n + 25. Suppose -9*v = -n*v - 20. Suppose 2*c + 5*t - 27 = c, 2*c - 9 = v*t. What is the highest common divisor of 96 and c?
12
Let s(g) = -2*g + 69. Let y be s(-9). What is the highest common factor of y and 3306?
87
Suppose 0 = -2*h + 5*d + 27, -h = 2*h - 3*d - 36. What is the greatest common factor of h and 55?
11
Let v be 8/(-6) + 33440/240. What is the highest common factor of v and 207?
69
Let o = 2 - -3. Suppose 375 + 285 = o*c. Suppose -7*q - 24 = -2*a - 3*q, -5*a + q + 60 = 0. Calculate the greatest common divisor of a and c.
12
Suppose 0 = 8*i + 6*i - 98. Suppose -i*h - 18 = -10*h. What is the highest common divisor of 21 and h?
3
Suppose -2*s = -4*x - 280, -520 = -49*s + 45*s - 2*x. What is the highest common factor of s and 24?
12
Let b(u) = 4*u**2 + 15*u + 45. Let i be b(-11). What is the highest common factor of i and 52?
52
Let d(z) be the second derivative of z**5/20 + z**4/2 + z**3/6 + z**2/2 - 2*z. Let m be d(-5). What is the highest common factor of m and 14?
7
Let j be (-4)/(-14) + (-8)/28. Let c be (1/3)/(18/270). Suppose 0 = -j*g + g - c. What is the highest common divisor of 25 and g?
5
Let p = 274 + -238. Calculate the highest common factor of p and 252.
36
Let m(f) = -4*f**3 + 9*f + 1. Let k(h) = 7*h**3 - 17*h - 3. Let a(j) = -3*k(j) - 5*m(j). Let y be a(-3). What is the highest common divisor of y and 104?
13
Let r(m) be the third derivative of m**5/30 + 11*m**4/24 - m**3/6 + 17*m**2. Let b be r(-6). Let k = 11 + 24. What is the highest common divisor of b and k?
5
Suppose 0 = -3*m + 53 + 19. Suppose -2*s = x - m, 0 = -5*x + s + 3*s + 120. Calculate the highest common factor of 120 and x.
24
Let p = -465 - -575. Let n be (-6)/33 + 560/55. Calculate the highest common factor of p and n.
10
Let u(v) = -v**3 + 6*v**2 + 5*v + 7. Let n be u(7). Let k be (-2 - 0 - n)*2/1. Let s be (-12)/16 - (-43)/4. Calculate the highest common divisor of k and s.
10
Let o(q) = 13*q + 27. Let n(v) = 4*v + 9. Let t(k) = -7*n(k) + 2*o(k). Let m be t(-6). Suppose -m*w = -57 - 30. What is the highest common factor of w and 116?
29
Let h(j) = j**3 - 26*j**2 + 40. Let d be h(26). Suppose 3*a = -x + 51, 6 = a + 4*x - 22. Calculate the greatest common divisor of d and a.
8
Let f(y) = -y**3 + 15*y**2 + 14. Let o be ((-27)/15)/(12/(-100)). Let b be f(o). Let i = -59 + 213. What is the highest common factor of i and b?
14
Let a be (-4)/((-48)/15)*4. Suppose -3*s = a*s - 192. Calculate the greatest common divisor of s and 24.
24
Let z(j) = 25*j**2 + 5*j + 4. Suppose 3 = 18*r - 21*r. Let u be z(r). Calculate the greatest common factor of 4 and u.
4
Suppose 2*g - 2*f = 1016, 3*g - 5*f - 145 = 1383. What is the highest common factor of 92 and g?
46
Suppose -t - 3*h = -13, 5*t + 113 - 192 = -h. Let u be 2/(-6) + 433/3. What is the greatest common divisor of u and t?
16
Suppose -66*v + 77*v - 99 = 0. What is the highest common factor of 21 and v?
3
Suppose 88 + 102 = 5*s. What is the greatest common factor of 190 and s?
38
Let l(k) = -3*k + 14. Let n(s) = 9*s - 43. Let i(q) = 8*l(q) + 3*n(q). Let m be i(9). Suppose 14 = m*a - 9*a. What is the greatest common divisor of a and 7?
7
Let z be (-3)/(-9) - ((-6850)/15 - -2). Calculate the highest common divisor of z and 65.
65
Let d be (-16)/(-6) + 1/3. Let g = 34 + -3. Suppose -4*f = -g - 5. What is the greatest common factor of f and d?
3
Let g(o) = -o**2 - 5*o + 18. Let u be g(-8). Let q = u - -30. Suppose w + i - 24 = -i, 2*w - q = 4*i. Calculate the highest common factor of 18 and w.
18
Suppose 4*p + 6 = 6*p. Suppose 0 = -p*s - 3*w - w + 15, 3*w - 20 = -4*s